s divided by (v - 1) + -1 + (22 - 0).
14
Let y = 24 - 20. Suppose 45 = -i + y*i. Suppose -70 = -4*k + 98. Calculate the remainder when k is divided by i.
12
Let z(s) = s - 3. Let x be z(5). Suppose -19 = o - 5*i, -i = -x - 2. Calculate the remainder when ((36/6)/(-12))/(1/(-6)) is divided by o.
0
Let h(d) = 5*d**2 - 5*d - 7. Let s(y) = -3*y + 116. Calculate the remainder when h(6) is divided by s(29).
27
What is the remainder when 255 is divided by (-5538)/(-65) - 12/(-15)?
83
Let v = 577 - 427. Calculate the remainder when v is divided by 14.
10
Let f = -272 - -278. Calculate the remainder when 18 is divided by f.
0
Let n = 201 + -73. Calculate the remainder when n is divided by 45.
38
Calculate the remainder when 131 is divided by (-530)/(-10)*(0 + 1).
25
Suppose -23*c + 416 + 136 = 0. What is the remainder when 64 is divided by c?
16
Suppose 4*a + 0*a = 72. Calculate the remainder when (-2)/((-10)/(-142)*(-98)/245) is divided by a.
17
Suppose 0 = -6*d + 4*d + 78. Let s = d + -78. Calculate the remainder when 51 is divided by (s/(-3))/(1/1).
12
Let a(g) = -g**2 - 12*g + 30. Calculate the remainder when 190 is divided by a(-8).
4
Suppose 0*v = -2*v + 4. Let s(g) = 3*g + 26. Let h(j) = -3*j - 26. Let i(r) = 3*h(r) + 4*s(r). Calculate the remainder when i(-8) is divided by v.
0
Let z = 257 + -187. Calculate the remainder when z is divided by 18.
16
Suppose -1 = p + q, -2*q + q - 1 = -3*p. Suppose 4*f - 36 = -4*w, 0 = w - p*f + 4*f. Let k = -978 + 1013. What is the remainder when k is divided by w?
11
Let g(q) = -75*q - 1. Let z be g(2). Let k = 292 + z. Let u = k + -78. Calculate the remainder when u is divided by 22.
19
Suppose -3*c + b = -4, -4*b = -c + 6*c - 18. Suppose -c*w = -i - 2*i + 63, 4*i = -2*w + 98. Calculate the remainder when 135 is divided by i.
20
Let b(j) = 5*j - 37. Let l be b(8). Suppose -l*h + 4*z + 4 = 0, -6*z + 22 = 4*h - 3*z. What is the remainder when 9 is divided by h?
1
Suppose k + 1 - 83 = 0. What is the remainder when 310 is divided by k?
64
Let i be ((-8)/(-10))/((-7)/(-1505)). Let k = 244 - i. Suppose -k = -4*m - 16. What is the remainder when m is divided by 4?
2
Let o = -92 - -112. Suppose 5*y - 2192 + 802 = 0. Calculate the remainder when y is divided by o.
18
Let m(l) = -l**2 + 61*l - 127. What is the remainder when 462 is divided by m(58)?
39
Let t(o) = o**2 - 10*o + 7. Let g be t(5). Let p = 33 + g. Let w = p + -7. Calculate the remainder when w is divided by 3.
2
Suppose 12 = d + 47. Let u = d - -52. What is the remainder when 67 is divided by u?
16
Let o be -27*(4 - 21/9). Let h = o - -107. What is the remainder when h is divided by 9?
8
Let q(r) = -r**3 - r**2 - r + 97. Let b = -2240 - -2266. What is the remainder when q(0) is divided by b?
19
Calculate the remainder when 2/6 + (-17220)/(-126) is divided by 28.
25
Suppose 0 = 10*d - 338 - 62. Calculate the remainder when d is divided by 20.
0
Suppose -2*z + 5*z - 216 = 0. Suppose 2*t = -0*t + 6, -3*b + z = -t. Calculate the remainder when b is divided by 13.
12
Let q(t) = -t**3 + 17*t**2 - 7*t - 5. Let y(u) = 18*u**2 - 6*u - 5. Let m(x) = -2*q(x) + 3*y(x). What is the remainder when 209 is divided by m(-10)?
34
Suppose 4*i - 49 = -z - 0*i, 88 = 2*z + 3*i. Suppose -10 = 2*l - 7*l. Suppose -l*m - 11 = -3*m. Calculate the remainder when z is divided by m.
8
Let o(r) = r + 21. Calculate the remainder when (-2)/(-5) - 690/(-25) is divided by o(-15).
4
Suppose 180 + 76 = 4*v. What is the remainder when v is divided by 34?
30
Let n be ((-15)/(-6))/(35/28). Suppose -5*q + n*r + 59 = 0, -2*q + 4*r = 5*r - 20. What is the remainder when 37/(-2)*(1 + -5) is divided by q?
8
Suppose -2*a - 17 = -27. Let c(x) = x**2 + 2*x - 7. Let j be c(-5). Suppose 0 = a*y - y - j. Calculate the remainder when 7 is divided by y.
1
Let s(g) = -g**3 + 4*g**2 - 3*g + 2. Let l be s(2). Suppose -17*z + l = -19*z. Calculate the remainder when 24 is divided by (-7*(3 + 1))/z.
10
Let t(w) = w**3 - 6*w**2 + 6*w + 4. Let r be t(6). Suppose -15*a - 80 = -11*a. Let x = a + r. Calculate the remainder when x is divided by 11.
9
Suppose -15*m + 13 = -62. Let k(v) = -2*v**2 + 11*v + 1. Calculate the remainder when k(m) is divided by 1.
0
Let f = 619 + -573. Calculate the remainder when 919 is divided by f.
45
Suppose 3*y + 2*y = 20. Calculate the remainder when y is divided by 100/(-225) - 22/(-9).
0
Let v = -693 - -722. Calculate the remainder when 303 is divided by v.
13
Let c(j) be the first derivative of j**3 - j**2 + 7*j - 40. What is the remainder when 55 is divided by c(3)?
27
Suppose 4*t + 4 = -2*p, 0 = -5*p - 4*t - 5 + 25. Suppose -f - p = -3*f. What is the remainder when f is divided by 2?
0
Let l(o) = 2*o**2 + 12*o + 57. Calculate the remainder when 140 is divided by l(-7).
69
Calculate the remainder when ((-31)/15 + (-60)/(-90))*-215 is divided by 77.
70
Let o = -23 + 342. Calculate the remainder when o is divided by 106.
1
Let y(l) = 53*l**2 + l. Suppose 4*s = -u + 6*u - 1311, 3*s = -12. What is the remainder when u is divided by y(-1)?
51
Suppose 5*u - 10*u - 3*v = -2335, 4*u - 4*v - 1868 = 0. What is the remainder when u is divided by 13?
12
Calculate the remainder when (-12 + (-1225)/(-7))*9/3 is divided by 31.
24
Suppose 4*l = 4*u - 0*u + 12, -5*l = -2*u - 15. Suppose -2*t + l*n = -32, 2*t - 28 = -0*t + 4*n. What is the remainder when 65 is divided by t?
21
Suppose 5*p = -3*p - 152. Let l = p - -50. Calculate the remainder when l is divided by 11.
9
Let x(l) = -l + 44. What is the remainder when 1003 is divided by x(-23)?
65
Let l = 11 - 0. Let g(x) = 11*x - 91. Calculate the remainder when g(14) is divided by l.
8
Suppose -5*x + o + 35 = 4*o, 5*x + 5*o = 25. What is the remainder when 187 is divided by x?
7
Let m = 255 + -205. Calculate the remainder when 146 is divided by m.
46
Let t(x) = 4*x - 4*x + 3*x - 18 - x. Let w(z) = -1. Let v(b) = t(b) - 3*w(b). Calculate the remainder when 19 is divided by v(11).
5
Let y(g) = g**2 - 3*g + 4. Calculate the remainder when 23 is divided by y(2).
1
Let t be (-5)/25 - 62/(-10). Suppose -3*z = -t*z + 3. Suppose y + z - 38 = 0. What is the remainder when y is divided by 20?
17
Suppose 4*k - 3*k = 5*c - 11, 3*k - 18 = -2*c. Suppose -z + 0*z + 128 = 4*t, 8 = 2*z. Calculate the remainder when t is divided by c/(-6) - 19/(-2).
4
Let b(z) = 37*z**2 + 25*z + 31. What is the remainder when b(-2) is divided by 19?
15
Suppose a + 3*t = 34, 3*a - 3*t - 23 = a. Suppose x - 72 - a = 0. Let r = x - 45. Calculate the remainder when r is divided by 12.
10
Let h be (3 - 3 - -1)*38. Suppose -h*p + 42*p - 112 = 0. Calculate the remainder when 70 is divided by p.
14
Suppose -114 + 39 = -5*v. Let d(t) = 10*t + 17. Let n(o) = 5*o + 8. Let w(q) = 6*d(q) - 13*n(q). What is the remainder when w(-9) is divided by v?
13
Suppose 4*a = 5*c + 73 + 8, -3*a - 5*c + 52 = 0. What is the remainder when 321 is divided by a?
17
Suppose -3*u = 3*d - 189, -18 + 2 = -4*u. Suppose 0 = -3*b + 39 + 9. What is the remainder when d + 0/(-1)*1 is divided by b?
11
Calculate the remainder when -4 + 1/(-2)*-202 is divided by 20.
17
Let y = -12 - -86. Let t = -20 + -14. Let o = 53 + t. Calculate the remainder when y is divided by o.
17
Suppose 14 - 99 = -b + 3*f, -10 = 5*f. What is the remainder when 631 is divided by b?
78
Suppose -5*h = 136 - 841. What is the remainder when h is divided by 6/12 - (-35)/2?
15
Let s = 177 - -46. Calculate the remainder when s is divided by 75.
73
Let z = -273 - -292. Calculate the remainder when z is divided by 7.
5
Suppose -3*u - 16 = -f, 40 = 4*f - 2*f - 2*u. Suppose -5*d + 30 = -3*d. Suppose 5*l + d + 5 = 5*k, 16 = 4*l. What is the remainder when f is divided by k?
6
Let h(x) = -6 - 11*x**2 + x + 14*x + x**3 - 1 - 3*x. What is the remainder when 38 is divided by h(10)?
12
Let t(l) = -5*l + 31*l + 8*l. Let b(h) = 2*h**2 + 88*h + 135. Calculate the remainder when b(-44) is divided by t(1).
33
Suppose 301 = 2*c + 5*t, 100 + 61 = c - t. What is the remainder when c is divided by 37?
10
Let z(m) = -33*m + 13. What is the remainder when z(-4) is divided by 39?
28
Let f be 6/(2/4*2). Let v be (-16)/(-6) + f/18. Let c(d) = 6*d - 2. Calculate the remainder when 62 is divided by c(v).
14
Let m(w) = w**2 - 13*w + 5. Let o be m(16). Let y = o - -11. What is the re